{"id":2453,"date":"2024-09-05T12:42:19","date_gmt":"2024-09-05T12:42:19","guid":{"rendered":"https:\/\/jamdc.cz\/?page_id=2453"},"modified":"2024-09-05T13:59:04","modified_gmt":"2024-09-05T13:59:04","slug":"elementor-stranka-deti-basic","status":"publish","type":"page","link":"https:\/\/jamdc.cz\/?page_id=2453","title":{"rendered":"Elementor Str\u00e1nka &#8211; D\u011bti basic"},"content":{"rendered":"\t\t<div data-elementor-type=\"wp-page\" data-elementor-id=\"2453\" class=\"elementor elementor-2453\">\n\t\t\t\t<div class=\"elementor-element elementor-element-416ba8d1 e-flex e-con-boxed e-con e-parent\" data-id=\"416ba8d1\" data-element_type=\"container\" data-settings=\"{&quot;background_background&quot;:&quot;gradient&quot;}\">\n\t\t\t\t\t<div class=\"e-con-inner\">\n\t\t<div class=\"elementor-element elementor-element-71b819f9 e-con-full e-flex e-con e-child\" data-id=\"71b819f9\" data-element_type=\"container\">\n\t\t\t\t<div class=\"elementor-element elementor-element-39a5bd67 elementor-widget__width-initial elementor-widget elementor-widget-image\" data-id=\"39a5bd67\" data-element_type=\"widget\" data-widget_type=\"image.default\">\n\t\t\t\t<div class=\"elementor-widget-container\">\n\t\t\t\t\t\t\t\t\t\t\t\t\t\t\t<img fetchpriority=\"high\" decoding=\"async\" width=\"466\" height=\"600\" src=\"https:\/\/jamdc.cz\/wp-content\/uploads\/2024\/08\/Jam-Dance-Crew_logo_72dpi_RGB.png\" class=\"attachment-large size-large wp-image-1757\" alt=\"\" srcset=\"https:\/\/jamdc.cz\/wp-content\/uploads\/2024\/08\/Jam-Dance-Crew_logo_72dpi_RGB.png 466w, https:\/\/jamdc.cz\/wp-content\/uploads\/2024\/08\/Jam-Dance-Crew_logo_72dpi_RGB-233x300.png 233w\" sizes=\"(max-width: 466px) 100vw, 466px\" \/>\t\t\t\t\t\t\t\t\t\t\t\t\t\t\t<\/div>\n\t\t\t\t<\/div>\n\t\t\t\t<\/div>\n\t\t<div class=\"elementor-element elementor-element-302a354d e-con-full e-flex e-con e-child\" data-id=\"302a354d\" data-element_type=\"container\">\n\t\t\t\t<div class=\"elementor-element elementor-element-2757698e elementor-widget elementor-widget-heading\" data-id=\"2757698e\" data-element_type=\"widget\" data-widget_type=\"heading.default\">\n\t\t\t\t<div class=\"elementor-widget-container\">\n\t\t\t\t\t<h1 class=\"elementor-heading-title elementor-size-default\">D\u011bti basic<\/h1>\t\t\t\t<\/div>\n\t\t\t\t<\/div>\n\t\t\t\t<\/div>\n\t\t\t\t<div class=\"elementor-element elementor-element-40000603 elementor-widget elementor-widget-text-editor\" data-id=\"40000603\" data-element_type=\"widget\" data-widget_type=\"text-editor.default\">\n\t\t\t\t<div class=\"elementor-widget-container\">\n\t\t\t\t\t\t\t\t\t<p><br \/>Na\u0161i mal\u00ed za\u010d\u00e1te\u010dn\u00edci teprve vstupuj\u00ed do sv\u011bta tance, ale u\u017e te\u010f je vid\u011bt jejich nad\u0161en\u00ed a chu\u0165 u\u010dit se nov\u00e9 v\u011bci. Ka\u017ed\u00e1 lekce je pro n\u011b dobrodru\u017estv\u00edm, kde si osvojuj\u00ed prvn\u00ed kroky a z\u00e1kladn\u00ed tane\u010dn\u00ed techniky. Podporujeme jejich radost z pohybu a d\u00e1v\u00e1me jim prostor objevovat vlastn\u00ed tane\u010dn\u00ed styl. I kdy\u017e jsou teprve na za\u010d\u00e1tku, jejich potenci\u00e1l je obrovsk\u00fd.<\/p>\t\t\t\t\t\t\t\t<\/div>\n\t\t\t\t<\/div>\n\t\t\t\t<div class=\"elementor-element elementor-element-ddf34af elementor-widget elementor-widget-spacer\" data-id=\"ddf34af\" data-element_type=\"widget\" data-widget_type=\"spacer.default\">\n\t\t\t\t<div class=\"elementor-widget-container\">\n\t\t\t\t\t\t\t<div class=\"elementor-spacer\">\n\t\t\t<div class=\"elementor-spacer-inner\"><\/div>\n\t\t<\/div>\n\t\t\t\t\t\t<\/div>\n\t\t\t\t<\/div>\n\t\t\t\t\t<\/div>\n\t\t\t\t<\/div>\n\t\t<div class=\"elementor-element elementor-element-65b98423 e-flex e-con-boxed e-con e-parent\" data-id=\"65b98423\" data-element_type=\"container\">\n\t\t\t\t\t<div class=\"e-con-inner\">\n\t\t<div class=\"elementor-element elementor-element-748042bd e-con-full e-flex e-con e-child\" data-id=\"748042bd\" data-element_type=\"container\">\n\t\t\t\t<\/div>\n\t\t<div class=\"elementor-element elementor-element-fb72a1b e-con-full e-flex e-con e-child\" data-id=\"fb72a1b\" data-element_type=\"container\">\n\t\t\t\t<\/div>\n\t\t<div class=\"elementor-element elementor-element-3e3f32de e-con-full e-flex e-con e-child\" data-id=\"3e3f32de\" data-element_type=\"container\">\n\t\t\t\t<\/div>\n\t\t\t\t\t<\/div>\n\t\t\t\t<\/div>\n\t\t\t\t<\/div>\n\t\t","protected":false},"excerpt":{"rendered":"<p>D\u011bti basic Na\u0161i mal\u00ed za\u010d\u00e1te\u010dn\u00edci teprve vstupuj\u00ed do sv\u011bta tance, ale u\u017e te\u010f je vid\u011bt jejich nad\u0161en\u00ed a chu\u0165 u\u010dit se nov\u00e9 v\u011bci. Ka\u017ed\u00e1 lekce je pro n\u011b dobrodru\u017estv\u00edm, kde si osvojuj\u00ed prvn\u00ed kroky a z\u00e1kladn\u00ed tane\u010dn\u00ed techniky. Podporujeme jejich radost z pohybu a d\u00e1v\u00e1me jim prostor objevovat vlastn\u00ed tane\u010dn\u00ed styl. I kdy\u017e jsou teprve&#8230;<\/p>\n","protected":false},"author":2,"featured_media":0,"parent":0,"menu_order":0,"comment_status":"closed","ping_status":"closed","template":"","meta":{"_kadence_starter_templates_imported_post":false,"_kad_post_transparent":"","_kad_post_title":"hide","_kad_post_layout":"fullwidth","_kad_post_sidebar_id":"","_kad_post_content_style":"unboxed","_kad_post_vertical_padding":"hide","_kad_post_feature":"hide","_kad_post_feature_position":"","_kad_post_header":false,"_kad_post_footer":false,"footnotes":""},"class_list":["post-2453","page","type-page","status-publish","hentry"],"_links":{"self":[{"href":"https:\/\/jamdc.cz\/index.php?rest_route=\/wp\/v2\/pages\/2453","targetHints":{"allow":["GET"]}}],"collection":[{"href":"https:\/\/jamdc.cz\/index.php?rest_route=\/wp\/v2\/pages"}],"about":[{"href":"https:\/\/jamdc.cz\/index.php?rest_route=\/wp\/v2\/types\/page"}],"author":[{"embeddable":true,"href":"https:\/\/jamdc.cz\/index.php?rest_route=\/wp\/v2\/users\/2"}],"replies":[{"embeddable":true,"href":"https:\/\/jamdc.cz\/index.php?rest_route=%2Fwp%2Fv2%2Fcomments&post=2453"}],"version-history":[{"count":7,"href":"https:\/\/jamdc.cz\/index.php?rest_route=\/wp\/v2\/pages\/2453\/revisions"}],"predecessor-version":[{"id":2568,"href":"https:\/\/jamdc.cz\/index.php?rest_route=\/wp\/v2\/pages\/2453\/revisions\/2568"}],"wp:attachment":[{"href":"https:\/\/jamdc.cz\/index.php?rest_route=%2Fwp%2Fv2%2Fmedia&parent=2453"}],"curies":[{"name":"wp","href":"https:\/\/api.w.org\/{rel}","templated":true}]}}