{"id":2179,"date":"2024-08-21T12:39:12","date_gmt":"2024-08-21T12:39:12","guid":{"rendered":"https:\/\/jamdc.cz\/?page_id=2179"},"modified":"2024-08-25T15:01:57","modified_gmt":"2024-08-25T15:01:57","slug":"lil-chill-eliska-lektro-2024","status":"publish","type":"page","link":"https:\/\/jamdc.cz\/?page_id=2179","title":{"rendered":"Lil chill Eli\u0161ka &#8211; Lektro 2024"},"content":{"rendered":"\t\t<div data-elementor-type=\"wp-page\" data-elementor-id=\"2179\" class=\"elementor elementor-2179\">\n\t\t\t\t<div class=\"elementor-element elementor-element-5a6a15d2 e-flex e-con-boxed e-con e-parent\" data-id=\"5a6a15d2\" data-element_type=\"container\" data-settings=\"{&quot;background_background&quot;:&quot;gradient&quot;}\">\n\t\t\t\t\t<div class=\"e-con-inner\">\n\t\t<div class=\"elementor-element elementor-element-3f18daa0 e-con-full e-flex e-con e-child\" data-id=\"3f18daa0\" data-element_type=\"container\">\n\t\t\t\t<div class=\"elementor-element elementor-element-4ec22c60 elementor-widget__width-initial elementor-widget elementor-widget-image\" data-id=\"4ec22c60\" data-element_type=\"widget\" data-widget_type=\"image.default\">\n\t\t\t\t<div class=\"elementor-widget-container\">\n\t\t\t\t\t\t\t\t\t\t\t\t\t\t\t<img fetchpriority=\"high\" decoding=\"async\" width=\"466\" height=\"600\" src=\"https:\/\/jamdc.cz\/wp-content\/uploads\/2024\/08\/Jam-Dance-Crew_logo_72dpi_RGB.png\" class=\"attachment-large size-large wp-image-1757\" alt=\"\" srcset=\"https:\/\/jamdc.cz\/wp-content\/uploads\/2024\/08\/Jam-Dance-Crew_logo_72dpi_RGB.png 466w, https:\/\/jamdc.cz\/wp-content\/uploads\/2024\/08\/Jam-Dance-Crew_logo_72dpi_RGB-233x300.png 233w\" sizes=\"(max-width: 466px) 100vw, 466px\" \/>\t\t\t\t\t\t\t\t\t\t\t\t\t\t\t<\/div>\n\t\t\t\t<\/div>\n\t\t\t\t<\/div>\n\t\t<div class=\"elementor-element elementor-element-31a537e e-con-full e-flex e-con e-child\" data-id=\"31a537e\" data-element_type=\"container\">\n\t\t\t\t<div class=\"elementor-element elementor-element-4dd4edb3 elementor-widget elementor-widget-heading\" data-id=\"4dd4edb3\" data-element_type=\"widget\" data-widget_type=\"heading.default\">\n\t\t\t\t<div class=\"elementor-widget-container\">\n\t\t\t\t\t<h1 class=\"elementor-heading-title elementor-size-default\">Eli\u0161ka Sodomkov\u00e1 - Elina<\/h1>\t\t\t\t<\/div>\n\t\t\t\t<\/div>\n\t\t\t\t<\/div>\n\t\t\t\t<div class=\"elementor-element elementor-element-32bbf44b elementor-widget elementor-widget-text-editor\" data-id=\"32bbf44b\" data-element_type=\"widget\" data-widget_type=\"text-editor.default\">\n\t\t\t\t<div class=\"elementor-widget-container\">\n\t\t\t\t\t\t\t\t\t<p>Street dance se v\u011bnuji od roku 2012, a od t\u00e9 doby mi tanec p\u0159in\u00e1\u0161\u00ed do \u017eivota radost.<\/p><p>Bav\u00ed m\u011b tancovat ve skupin\u011b i freestyle.<\/p><p>Aktivn\u011b tan\u010d\u00edm na battlech, v s\u00f3lech i v crew a chci v tom nad\u00e1le pokra\u010dovat.<\/p><p>Nejv\u00edce se c\u00edt\u00edm v Hip Hopu a Housu, ale sna\u017e\u00edm se zdokonalovat i v ostatn\u00edch stylech.<\/p>\t\t\t\t\t\t\t\t<\/div>\n\t\t\t\t<\/div>\n\t\t\t\t\t<\/div>\n\t\t\t\t<\/div>\n\t\t<div class=\"elementor-element elementor-element-3c81d65d e-flex e-con-boxed e-con e-parent\" data-id=\"3c81d65d\" data-element_type=\"container\">\n\t\t\t\t\t<div class=\"e-con-inner\">\n\t\t<div class=\"elementor-element elementor-element-482a01db e-con-full e-flex e-con e-child\" data-id=\"482a01db\" data-element_type=\"container\">\n\t\t\t\t<div class=\"elementor-element elementor-element-23a47487 elementor-widget elementor-widget-image\" data-id=\"23a47487\" data-element_type=\"widget\" data-widget_type=\"image.default\">\n\t\t\t\t<div class=\"elementor-widget-container\">\n\t\t\t\t\t\t\t\t\t\t\t\t\t\t\t<img decoding=\"async\" width=\"806\" height=\"1024\" src=\"https:\/\/jamdc.cz\/wp-content\/uploads\/2024\/08\/452644011_1503262133892020_5631019501762406716_n-806x1024.jpg\" class=\"attachment-large size-large wp-image-2154\" alt=\"\" srcset=\"https:\/\/jamdc.cz\/wp-content\/uploads\/2024\/08\/452644011_1503262133892020_5631019501762406716_n-806x1024.jpg 806w, https:\/\/jamdc.cz\/wp-content\/uploads\/2024\/08\/452644011_1503262133892020_5631019501762406716_n-236x300.jpg 236w, https:\/\/jamdc.cz\/wp-content\/uploads\/2024\/08\/452644011_1503262133892020_5631019501762406716_n-768x976.jpg 768w, https:\/\/jamdc.cz\/wp-content\/uploads\/2024\/08\/452644011_1503262133892020_5631019501762406716_n-1209x1536.jpg 1209w, https:\/\/jamdc.cz\/wp-content\/uploads\/2024\/08\/452644011_1503262133892020_5631019501762406716_n.jpg 1612w\" sizes=\"(max-width: 806px) 100vw, 806px\" \/>\t\t\t\t\t\t\t\t\t\t\t\t\t\t\t<\/div>\n\t\t\t\t<\/div>\n\t\t\t\t<\/div>\n\t\t<div class=\"elementor-element elementor-element-53382211 e-con-full e-flex e-con e-child\" data-id=\"53382211\" data-element_type=\"container\">\n\t\t\t\t<\/div>\n\t\t<div class=\"elementor-element elementor-element-34ac42be e-con-full e-flex e-con e-child\" data-id=\"34ac42be\" data-element_type=\"container\">\n\t\t\t\t<div class=\"elementor-element elementor-element-1b3cd4a7 elementor-widget elementor-widget-video\" data-id=\"1b3cd4a7\" data-element_type=\"widget\" data-settings=\"{&quot;video_type&quot;:&quot;hosted&quot;,&quot;controls&quot;:&quot;yes&quot;}\" data-widget_type=\"video.default\">\n\t\t\t\t<div class=\"elementor-widget-container\">\n\t\t\t\t\t\t\t<div class=\"e-hosted-video elementor-wrapper elementor-open-inline\">\n\t\t\t\t\t<video class=\"elementor-video\" src=\"http:\/\/jamdc.cz\/wp-content\/uploads\/2024\/08\/Elina_Video.mov\" controls=\"\" preload=\"metadata\" controlsList=\"nodownload\"><\/video>\n\t\t\t\t<\/div>\n\t\t\t\t\t\t<\/div>\n\t\t\t\t<\/div>\n\t\t\t\t<\/div>\n\t\t\t\t\t<\/div>\n\t\t\t\t<\/div>\n\t\t\t\t<\/div>\n\t\t","protected":false},"excerpt":{"rendered":"<p>Eli\u0161ka Sodomkov\u00e1 &#8211; Elina Street dance se v\u011bnuji od roku 2012, a od t\u00e9 doby mi tanec p\u0159in\u00e1\u0161\u00ed do \u017eivota radost. Bav\u00ed m\u011b tancovat ve skupin\u011b i freestyle. Aktivn\u011b tan\u010d\u00edm na battlech, v s\u00f3lech i v crew a chci v tom nad\u00e1le pokra\u010dovat. Nejv\u00edce se c\u00edt\u00edm v Hip Hopu a Housu, ale sna\u017e\u00edm se zdokonalovat&#8230;<\/p>\n","protected":false},"author":2,"featured_media":0,"parent":0,"menu_order":0,"comment_status":"closed","ping_status":"closed","template":"","meta":{"_kadence_starter_templates_imported_post":false,"_kad_post_transparent":"","_kad_post_title":"hide","_kad_post_layout":"fullwidth","_kad_post_sidebar_id":"","_kad_post_content_style":"unboxed","_kad_post_vertical_padding":"hide","_kad_post_feature":"hide","_kad_post_feature_position":"","_kad_post_header":false,"_kad_post_footer":false,"footnotes":""},"class_list":["post-2179","page","type-page","status-publish","hentry"],"_links":{"self":[{"href":"https:\/\/jamdc.cz\/index.php?rest_route=\/wp\/v2\/pages\/2179","targetHints":{"allow":["GET"]}}],"collection":[{"href":"https:\/\/jamdc.cz\/index.php?rest_route=\/wp\/v2\/pages"}],"about":[{"href":"https:\/\/jamdc.cz\/index.php?rest_route=\/wp\/v2\/types\/page"}],"author":[{"embeddable":true,"href":"https:\/\/jamdc.cz\/index.php?rest_route=\/wp\/v2\/users\/2"}],"replies":[{"embeddable":true,"href":"https:\/\/jamdc.cz\/index.php?rest_route=%2Fwp%2Fv2%2Fcomments&post=2179"}],"version-history":[{"count":7,"href":"https:\/\/jamdc.cz\/index.php?rest_route=\/wp\/v2\/pages\/2179\/revisions"}],"predecessor-version":[{"id":2337,"href":"https:\/\/jamdc.cz\/index.php?rest_route=\/wp\/v2\/pages\/2179\/revisions\/2337"}],"wp:attachment":[{"href":"https:\/\/jamdc.cz\/index.php?rest_route=%2Fwp%2Fv2%2Fmedia&parent=2179"}],"curies":[{"name":"wp","href":"https:\/\/api.w.org\/{rel}","templated":true}]}}